{"id":1035,"date":"2009-10-07T15:07:02","date_gmt":"2009-10-07T13:07:02","guid":{"rendered":"http:\/\/www.waynebd.com\/blog\/boutique"},"modified":"2012-03-12T16:50:02","modified_gmt":"2012-03-12T15:50:02","slug":"boutique","status":"publish","type":"page","link":"https:\/\/www.waynebd.com\/blog\/boutique","title":{"rendered":"Boutique"},"content":{"rendered":"<p> Retrouvez ici les ouvrages que j&rsquo;ai sign\u00e9s o\u00f9 auxquels j&rsquo;ai particip\u00e9, et cliquez sur les visuels pour les commander et faire que je puisse manger et m&rsquo;acheter de nouvelles chaussettes&#8230;<\/p>\n<table height=\"1388\" border=\"0\" width=\"660\">\n<tr>\n<td colspan=\"2\">\n<p style=\"text-align: center\"><a href=\"http:\/\/lestylobulle.com\/dc\/index.php?pages\/Cadavre-cadavre\" target=\"_blank\"><img decoding=\"async\" src=\"https:\/\/www.waynebd.com\/blog\/habillage\/book-cadavre.jpg\" border=\"0\" width=\"310\" \/><\/a><\/p>\n<p align=\"center\"><strong>Cadavre &amp; Cadavre<\/strong><br \/>\nLe Stylo Bulle &#8211; 2011<br \/>\n<strong>disponible &#8211; 12 \u20ac<\/strong><\/p>\n<p align=\"center\">&nbsp;<\/p>\n<\/td>\n<td colspan=\"2\">\n<p style=\"text-align: center\"><a href=\"http:\/\/lestylobulle.com\/dc\/index.php?pages\/Foetus-foetus\" target=\"_blank\"><img loading=\"lazy\" decoding=\"async\" src=\"https:\/\/www.waynebd.com\/blog\/habillage\/book-foetus.jpg\" height=\"218\" border=\"0\" width=\"310\" \/><\/a><\/p>\n<p align=\"center\"><strong>Foetus &amp; Foetus<\/strong><br \/>\nLe Stylo Bulle Edition &#8211; 2009<br \/>\n<strong>disponible &#8211; 12 \u20ac<\/strong><\/p>\n<p align=\"center\">&nbsp;<\/p>\n<\/td>\n<\/tr>\n<tr>\n<td colspan=\"2\">\n<p style=\"text-align: center\"><a href=\"http:\/\/www.foolstrip.com\/sales\/product_info.php?products_id=64&amp;osCsid=a5bc51b4ef374fd6aa23f04ef19971da\" target=\"_blank\"><img loading=\"lazy\" decoding=\"async\" src=\"https:\/\/www.waynebd.com\/blog\/habillage\/book-dicoblogs.jpg\" height=\"218\" border=\"0\" width=\"310\" \/><\/a><\/p>\n<p align=\"center\"><strong>Le Dico des Blogs (collectif)<\/strong><br \/>\nEditions Foolstrip &#8211; 2009<br \/>\n<strong>disponible &#8211; 12,90 \u20ac<\/strong><\/p>\n<p align=\"center\">&nbsp;<\/p>\n<\/td>\n<td colspan=\"2\">\n<p style=\"text-align: center\"><a href=\"http:\/\/onapratut.free.fr\/publi.php?publi=pn\"><img decoding=\"async\" src=\"https:\/\/www.waynebd.com\/blog\/habillage\/book-pn.jpg\" height=\"298\" border=\"0\" \/><\/a><\/p>\n<p align=\"center\"><strong>Les Nouveaux Pieds Nickel\u00e9s (collectif)<\/strong><br \/>\nOnapratut &#8211; 2010<br \/>\n<strong>disponible &#8211; 25 \u20ac<\/strong><\/p>\n<p align=\"center\">&nbsp;<\/p>\n<\/td>\n<\/tr>\n<tr>\n<td>\n<p style=\"text-align: center\"><a href=\"http:\/\/editions.lapin.org\/librairie\/product_info.php?products_id=47\" target=\"_blank\"><img decoding=\"async\" src=\"https:\/\/www.waynebd.com\/blog\/habillage\/book-pipoloft.jpg\" border=\"0\" \/><\/a><\/p>\n<p align=\"center\"><strong>Le Pipoloft<\/strong><br \/>\nEditions Lapin &#8211; 2009<br \/>\n<strong>disponible &#8211; 6 \u20ac<\/strong><\/p>\n<p align=\"center\">&nbsp;<\/p>\n<\/td>\n<td colspan=\"2\">\n<p style=\"text-align: center\"><a href=\"http:\/\/rien-a-voir.over-blog.fr\/categorie-10062644.html\" target=\"_blank\"><img decoding=\"async\" src=\"http:\/\/www.rien-a-voir.fr\/images\/RAV24.jpg\" border=\"0\" width=\"200\" \/><\/a><\/p>\n<p align=\"center\"><strong>Rien A Voir (collectif)<\/strong><br \/>\nN\u00b012 \u00e0 24<br \/>\n<strong>disponibles &#8211; 4 \u20ac le num\u00e9ro<\/strong><\/p>\n<p align=\"center\">&nbsp;<\/p>\n<\/td>\n<td>\n<p style=\"text-align: center\"><a href=\"http:\/\/onapratut.free.fr\/publi.php?publi=onap8\" target=\"_blank\"><img decoding=\"async\" src=\"https:\/\/www.waynebd.com\/blog\/habillage\/book-onap.jpg\" border=\"0\" \/><\/a><\/p>\n<p align=\"center\"><strong>Onapratut (collectif)<\/strong><br \/>\nN\u00b0 6 \u00e0 8<br \/>\n<strong>disponibles &#8211; 8 \u20ac le num\u00e9ro (10 \u20ac le n\u00b08)<\/strong><\/p>\n<p align=\"center\">&nbsp;<\/p>\n<\/td>\n<\/tr>\n<tr>\n<td>\n<p style=\"text-align: center\"><a href=\"http:\/\/blogneko.chriscb.org\/index.php?2008\/07\/07\/86-vente-par-correspondance\" target=\"_blank\"><img decoding=\"async\" src=\"https:\/\/www.waynebd.com\/blog\/habillage\/book-nekomix.jpg\" border=\"0\" \/><\/a><\/p>\n<p align=\"center\"><strong>Nekomix n\u00b07 et 8 : Cin\u00e9ma + Pirates (collectif)<\/strong><br \/>\nNekomix &#8211; 2008\/2011<br \/>\n<strong>disponible &#8211; 8 \u20ac<\/strong><\/p>\n<p align=\"center\">&nbsp;<\/p>\n<\/td>\n<td colspan=\"2\">\n<p style=\"text-align: center\"><a href=\"http:\/\/blogneko.chriscb.org\/index.php?2007\/06\/24\/6-soupir\" target=\"_blank\"><img decoding=\"async\" src=\"https:\/\/www.waynebd.com\/blog\/habillage\/book-soupir.jpg\" border=\"0\" \/><\/a><\/p>\n<p align=\"center\"><strong>Soupir n\u00b02 (collectif)<\/strong><br \/>\nNekomix &#8211; 2009<br \/>\n<strong>disponible &#8211; 10 \u20ac<\/strong><\/p>\n<p align=\"center\">&nbsp;<\/p>\n<\/td>\n<td>\n<p style=\"text-align: center\"><a href=\"http:\/\/blogneko.chriscb.org\/index.php?2007\/06\/24\/7-soubock\" target=\"_blank\"><img decoding=\"async\" src=\"https:\/\/www.waynebd.com\/blog\/habillage\/book-soubock.jpg\" border=\"0\" \/><\/a><\/p>\n<p align=\"center\"><strong>Soubock (collectif bimestriel)<\/strong><br \/>\nNekomix<br \/>\n<strong>disponible &#8211; 2 \u20ac<\/strong><\/p>\n<p align=\"center\">&nbsp;<\/p>\n<\/td>\n<\/tr>\n<tr>\n<td>\n<p style=\"text-align: center\"><a href=\"http:\/\/www.thebookedition.com\/ca-m-casse-les-urnes-!-de-wayne-p-4253.html\" target=\"_blank\"><img decoding=\"async\" src=\"https:\/\/www.waynebd.com\/blog\/habillage\/book-presid.jpg\" border=\"0\" \/><\/a><\/p>\n<p align=\"center\"><strong>Ca m&rsquo;casse les urnes !<\/strong> <strong>(\u00e9dition \u00e0 la commande)<\/strong><br \/>\nTheBook Editions &#8211; 2008<br \/>\n<strong>disponible &#8211; 13,50 \u20ac<\/strong><\/td>\n<td colspan=\"2\">\n<p style=\"text-align: center\"><a href=\"https:\/\/www.waynebd.com\/blog\/boutique-de-dessins\"><img decoding=\"async\" src=\"https:\/\/www.waynebd.com\/blog\/habillage\/book-dessins.jpg\" border=\"0\" \/><\/a><\/p>\n<p align=\"center\">&nbsp;<\/p>\n<p align=\"center\">&nbsp;<\/p>\n<p align=\"center\"><strong>Commande de dessins<\/strong><br \/>\nexistants ou \u00e0 la commande<\/p>\n<p align=\"center\">&nbsp;<\/p>\n<\/td>\n<td>\n<p style=\"text-align: center\"><a href=\"http:\/\/www.comboutique.com\/shop\/homeboutique-1060.html\" target=\"_blank\"><img decoding=\"async\" src=\"https:\/\/www.waynebd.com\/blog\/habillage\/book-tshirt.jpg\" border=\"0\" \/><\/a><\/p>\n<p align=\"center\">&nbsp;<\/p>\n<p align=\"center\">&nbsp;<\/p>\n<p align=\"center\"><strong>Boutique de T-Shirts<\/strong><br \/>\nsur Comboutique.com<\/td>\n<\/tr>\n<\/table>\n","protected":false},"excerpt":{"rendered":"<p> Retrouvez ici les ouvrages que j&rsquo;ai sign\u00e9s o\u00f9 auxquels j&rsquo;ai particip\u00e9, et cliquez sur les visuels pour les commander et faire que je puisse manger et m&rsquo;acheter de nouvelles chaussettes&#8230; Cadavre &amp; Cadavre Le Stylo Bulle &#8211; 2011 disponible &#8211; 12 \u20ac &nbsp; Foetus &amp; Foetus Le Stylo Bulle Edition &#8211; 2009 disponible &#8211; 12 [&hellip;] <\/p>\n","protected":false},"author":1,"featured_media":0,"parent":0,"menu_order":0,"comment_status":"open","ping_status":"open","template":"","meta":{"footnotes":""},"class_list":["post-1035","page","type-page","status-publish","hentry"],"_links":{"self":[{"href":"https:\/\/www.waynebd.com\/blog\/wp-json\/wp\/v2\/pages\/1035","targetHints":{"allow":["GET"]}}],"collection":[{"href":"https:\/\/www.waynebd.com\/blog\/wp-json\/wp\/v2\/pages"}],"about":[{"href":"https:\/\/www.waynebd.com\/blog\/wp-json\/wp\/v2\/types\/page"}],"author":[{"embeddable":true,"href":"https:\/\/www.waynebd.com\/blog\/wp-json\/wp\/v2\/users\/1"}],"replies":[{"embeddable":true,"href":"https:\/\/www.waynebd.com\/blog\/wp-json\/wp\/v2\/comments?post=1035"}],"version-history":[{"count":0,"href":"https:\/\/www.waynebd.com\/blog\/wp-json\/wp\/v2\/pages\/1035\/revisions"}],"wp:attachment":[{"href":"https:\/\/www.waynebd.com\/blog\/wp-json\/wp\/v2\/media?parent=1035"}],"curies":[{"name":"wp","href":"https:\/\/api.w.org\/{rel}","templated":true}]}}